digit of n?
6
What is the units digit of (-12)/(-16) + 29/4?
8
Let z be 2 - ((3 - 1) + -20). Let d = z - 11. What is the units digit of d?
9
Let d be -4 - -1 - 0/4. Let f(w) = -w**2 - 3*w + 4. What is the units digit of f(d)?
4
Suppose -1 = l - 8. Let s(d) = -3*d**3 + 4*d - 4 + 7*d**2 - 2*d + 2*d**3. What is the tens digit of s(l)?
1
Let v = 8 + -2. Let b be (v/(-10))/((-2)/10). Suppose 6 = 6*z - b*z. What is the units digit of z?
2
Suppose 2*y + 363 = 5*y. What is the tens digit of y?
2
Suppose -16 = -5*x - 2*w, -7*x + 4*w = -2*x + 2. Let g be x/((-69)/75 - -1). Suppose 5*i + 0*i = g. What is the units digit of i?
5
Let f = 29 - 16. Let g = f + 4. What is the units digit of g?
7
Let z(g) = 5*g - 36. What is the tens digit of z(14)?
3
Suppose 7*m = 13*m - 234. What is the tens digit of m?
3
Let p(o) = o**2 + 11*o + 14. Let n be p(-10). Suppose -n*c - c + 30 = 0. What is the units digit of c?
6
Suppose -3*i = 2*p - 139, 128 = 5*p - 4*i - 185. What is the tens digit of p?
6
Let w be 10 - (-2 - 0/(-3)). Let a = -3 - -10. Let v = w - a. What is the units digit of v?
5
Let w be 2/(-2)*24/4. What is the tens digit of ((-9)/w)/(12/352)?
4
Let u(s) = 4*s**2 - s + 1. What is the hundreds digit of u(-7)?
2
Let q be (3/(-9) + 1)*-18. What is the units digit of q*(2 + (-8)/3)?
8
Let v(f) = -8*f. Let d be (-2)/6*(4 + 2). Let x be v(d). Suppose -2*n = -4*n + x. What is the units digit of n?
8
Suppose -47 + 0 = -v. What is the tens digit of v?
4
What is the tens digit of 4/28 + 139/7?
2
Let t = -55 - -77. Suppose -6 + t = 4*a. Suppose a*k - 5*k + 5 = 0. What is the units digit of k?
5
Let g = 78 - 47. What is the units digit of g?
1
Let r(b) = 2*b - 3. Let t be r(2). Suppose -2*w + t = -3. What is the units digit of w?
2
Let g(i) be the second derivative of 5*i**4/6 - i**3/3 + i**2/2 - 6*i. What is the units digit of g(1)?
9
Let z = 4 - -21. What is the units digit of z?
5
Let z be (-6 - -17)*-1*7. Let b = -30 - z. What is the units digit of b?
7
What is the hundreds digit of 2 + 218/2 + 2?
1
Let n = 798 - 415. What is the hundreds digit of n?
3
Let x(d) = d**2 - 5*d + 4. Suppose 3*w - 10 = c, w + 4*c - 5 = 4*w. What is the units digit of x(w)?
4
What is the hundreds digit of 1/6 + 24178/84?
2
Let s = 14 + -6. Let u(g) = g**3 - 5*g**2 + 3*g + 3. Let x be u(5). What is the units digit of x/s + 3/4?
3
Suppose 2*f + 0 = 8. Suppose 0 = 5*k - 3*b - 242, 0*k + 200 = 4*k - f*b. What is the tens digit of k?
4
Suppose 9*g = 4*g - 125. What is the units digit of g*-2*(-2)/(-10)?
0
Suppose -83 - 109 = -3*t. What is the units digit of t?
4
Suppose -2 = -r - 1. What is the units digit of 29 + (-1)/r*2?
7
What is the tens digit of (-3 + (-189)/12)*-8?
5
Let i(z) = -3*z + 26. Let b be i(8). Suppose -4*s + 5*s = 6. Suppose -2*m - b + s = 0. What is the units digit of m?
2
Let z(o) = 4*o**2 + 2*o + 2. What is the tens digit of z(-4)?
5
Let g = 50 - -38. What is the units digit of g?
8
Let i(x) = 2*x**2 + 2*x + 39. What is the tens digit of i(-6)?
9
Suppose -2*q + 43 = 4*h - 57, 271 = 5*q + 3*h. Suppose r + q = -3*r. Let a = r - -20. What is the units digit of a?
6
Suppose -24 = 5*x - 4. Let q(s) = -s**2 - 4*s + 5. Let c be q(x). Suppose 3*j - 4*b = -0*j + 5, -2*j + c = -b. What is the units digit of j?
3
Let x = 4 - 2. What is the units digit of 12 + 1 + x + -1?
4
Suppose 0*o = o - 15. Suppose -4*i - o = -5*i. What is the tens digit of i?
1
Let w = 17 + -11. Suppose g - w*g + 15 = 0. Suppose -g*n - 24 = -72. What is the units digit of n?
6
Let q(p) = 2. Let f(o) = o + 2. Let u(y) = 2*f(y) - 3*q(y). What is the units digit of u(2)?
2
Let s(y) = -4*y**3 + 2*y**2 + y. Let c be s(-1). Suppose 2*m + 4*r + 10 = 0, m + 8 = c*r + 31. What is the units digit of m?
3
Let u(l) = -l**3 - 9*l**2 - 4*l - 2. Let x be u(-9). Suppose 4*o - x - 10 = 0. What is the units digit of o?
1
Suppose -2*w + 2 = -2. Suppose -w*u - 3*u + 45 = 0. Let g = 12 - u. What is the units digit of g?
3
Suppose s - 5*s + 308 = -5*t, 204 = 3*s + 3*t. What is the tens digit of s?
7
Let a(n) = 58*n**2 - 2*n + 1. Let y be a(1). What is the units digit of (-3)/(y/(-24) + 2)?
8
What is the units digit of ((-24)/5)/((-4)/30)?
6
Let a(q) = q**3 + 8*q**2 + 7*q + 5. What is the tens digit of a(-5)?
4
What is the units digit of 32 + 0 + -1 + 3?
4
Suppose 4*x - 2*d - 116 = -d, 4*d = -16. Suppose 2*m - j - 16 = m, -j = 3*m - x. What is the tens digit of m?
1
Let t(j) = 5*j. Let f be t(1). Let g(y) be the third derivative of y**6/120 - y**5/12 - y**4/24 + y**3 + 2*y**2. What is the units digit of g(f)?
1
Suppose 16 = y - 5*y. Let s be y/(-3)*3/2. Suppose s*i + 4*u = 14, 3*u - 2*u = 4*i - 1. What is the units digit of i?
1
Suppose 4*s + 4*d = -8, -4*s + 5*d - d + 8 = 0. Suppose s = 2*h - 1 - 3. What is the units digit of h?
2
Let l(o) = -o + 3. Let h be l(-6). Let k = h + 0. What is the units digit of k?
9
Suppose 5 = 4*k - 4*d - 19, 3*d = 15. Let f = -29 - k. Let l = -22 - f. What is the tens digit of l?
1
Let u(t) = t - 23. Let v(a) = -2*a + 45. Let b(y) = 11*u(y) + 6*v(y). What is the units digit of b(0)?
7
Let f be (-30)/(-8) - 15/20. Suppose 0 = 2*t - 3*v - 40, 2*v - 73 = -f*t - 0*v. What is the tens digit of t?
2
Suppose -4*x + 435 = -3*c, 3*x + 4*c = 5*x - 220. Let d = x + -76. What is the tens digit of d?
3
Suppose 0 = 5*z + 16 - 96. Suppose -3*v + 3*l + 120 = 0, -3*l - 24 = -v + z. What is the units digit of v?
0
Suppose -250 = -3*b - 2*b. What is the tens digit of b?
5
Let q = 77 + -53. What is the units digit of q?
4
What is the tens digit of (-18)/9 + 13*7?
8
Let f(x) be the second derivative of x**4/12 - 2*x**3/3 - 9*x**2/2 + 4*x. What is the units digit of f(8)?
3
Suppose -7*y + 248 = -235. What is the units digit of y?
9
Suppose 4*h - 4*q + 2 = 22, 5*h + 2*q = -10. Let c be 0/(-7)*(-2)/(-2). Suppose -5*i + c*i + 15 = h. What is the units digit of i?
3
Let h(c) be the third derivative of c**4/24 + c**3/6 - 3*c**2. What is the units digit of h(10)?
1
Let d be ((-1)/1)/(1/(-9)). Let l be (-60)/d*(-6)/4. Suppose -z = -6*z + l. What is the units digit of z?
2
Let o(k) = -k**3 + k**2 + k - 2. Let j be o(5). Let t = -69 - j. What is the units digit of (t/10)/((-4)/(-10))?
7
Suppose -9*r + 214 = -7*r. What is the tens digit of r?
0
What is the units digit of 609/18 + (-1)/(-6)?
4
Suppose 90 = -2*v + 16. Let f = 64 + v. What is the tens digit of f?
2
Let s(g) = g**3 - 11*g**2 + 3*g - 7. Let p be s(11). Let v = 47 - p. What is the units digit of v?
1
Let w(b) = -b - 2. Let s be w(-2). Suppose -20 = -3*x - 2*j + 15, -5*x + 4*j + 51 = s. Let n = -3 + x. What is the units digit of n?
8
Suppose 1 + 1 = 2*v. Suppose 3*h - 38 = -3*a + 40, -4*h + 5*a + 113 = 0. What is the tens digit of 3/(-6)*(v - h)?
1
Let i(k) = k. Suppose -4*r + 28 = -3*y, 4*r = -r + 2*y + 35. What is the units digit of i(r)?
7
Let b be 2 - (-3 - (1 - 47)). Let t = 65 + b. What is the tens digit of t?
2
Let w(s) = s**3 - 11*s**2 - 3*s - 15. What is the units digit of w(12)?
3
Let o(r) = r**2 + 8*r - 12. Let m(v) = -v**3 - 10*v**2 - 9. Let c be m(-10). Let p be o(c). What is the units digit of -3 - (0 + p) - -20?
0
Let k(i) = i**3 + 10*i**2 + 9*i + 6. What is the tens digit of k(-6)?
9
Suppose -42 + 162 = 5*f. What is the tens digit of f?
2
Suppose -59 = -2*x + 1. Suppose 5*c = -5*j + 5, 0 = -c - 2*c - 3. Suppose -z + 0*d + x = 5*d, 4*z - j*d - 10 = 0. What is the units digit of z?
5
Suppose 0*j - j = -95. Let n = j - 61. What is the tens digit of n?
3
Suppose -4*s + 70 = -2*u, -3*s + 70 = -4*u - u. Suppose 0 = 2*l - 4*j - 18, 0 = -l - 4*l - j + 12. Suppose -6*p + l*p + s = 0. What is the units digit of p?
5
Let r be ((-26)/(-2) - -1) + 0. Suppose 0*q + r = -2*q. Let c(a) = -a - 2. What is the units digit of c(q)?
5
Let f(j) = -j**2 - 6*j + 5. Suppose -3*b = 2*h + 14, -3*b + 0 = -2*h - 14. Let v be f(h). Let k(c) = c**3 + 3*c**2 - 2. What is the units digit of k(v)?
2
Suppose -3*l - 2*j + 5 = 0, 0*l + 4*l - 2*j - 2 = 0. What is the units digit of 3/l + (-20)/(-4)?
8
Let z(u) = 3*u - 3. Let g be z(2). Suppose -2*h + g = -1. What is the units digit of h/(-5) + (-32)/(-5)?
6
Let k(t) = -t**3 - 19*t**2 - 17*t + 26. What is the units digit of k(-18)?
8
Let h(s) be the second derivative of -s**5/20 + 7*s**4/12 - s**3/2 + s**2 - s. What is the tens digit of h(6)?